it of 1125?
1
What is the hundreds digit of 10714?
7
What is the units digit of 991?
1
What is the hundreds digit of 635?
6
What is the hundreds digit of 133?
1
What is the hundreds digit of 109875?
8
What is the ten thousands digit of 13008?
1
What is the thousands digit of 2217?
2
What is the hundreds digit of 91441?
4
What is the units digit of 82767?
7
What is the units digit of 552?
2
What is the units digit of 3634?
4
What is the units digit of 12618?
8
What is the thousands digit of 2224?
2
What is the thousands digit of 1720?
1
What is the tens digit of 6342?
4
What is the hundreds digit of 35269?
2
What is the tens digit of 100089?
8
What is the hundreds digit of 24172?
1
What is the units digit of 10074?
4
What is the units digit of 163368?
8
What is the tens digit of 1056?
5
What is the hundreds digit of 3125?
1
What is the thousands digit of 15119?
5
What is the hundreds digit of 3153?
1
What is the hundreds digit of 363?
3
What is the tens digit of 14241?
4
What is the units digit of 5855?
5
What is the tens digit of 2940?
4
What is the hundreds digit of 3474?
4
What is the hundreds digit of 503?
5
What is the hundreds digit of 389?
3
What is the units digit of 21369?
9
What is the tens digit of 1567?
6
What is the tens digit of 1018?
1
What is the tens digit of 56?
5
What is the thousands digit of 41556?
1
What is the thousands digit of 4542?
4
What is the tens digit of 8579?
7
What is the hundreds digit of 1145?
1
What is the hundreds digit of 6360?
3
What is the hundreds digit of 113839?
8
What is the units digit of 8367?
7
What is the hundreds digit of 40334?
3
What is the units digit of 98427?
7
What is the tens digit of 71?
7
What is the ten thousands digit of 25533?
2
What is the ten thousands digit of 39194?
3
What is the tens digit of 1508?
0
What is the ten thousands digit of 23755?
2
What is the tens digit of 19?
1
What is the units digit of 1536?
6
What is the thousands digit of 2612?
2
What is the tens digit of 1760?
6
What is the tens digit of 2340?
4
What is the tens digit of 115665?
6
What is the tens digit of 115456?
5
What is the hundreds digit of 64913?
9
What is the ten thousands digit of 16550?
1
What is the units digit of 9074?
4
What is the tens digit of 1752?
5
What is the tens digit of 955?
5
What is the units digit of 105873?
3
What is the thousands digit of 16006?
6
What is the tens digit of 2576?
7
What is the hundreds digit of 7313?
3
What is the tens digit of 8803?
0
What is the tens digit of 471?
7
What is the thousands digit of 90045?
0
What is the units digit of 483?
3
What is the hundreds digit of 1246?
2
What is the tens digit of 6610?
1
What is the hundreds digit of 1184?
1
What is the tens digit of 6492?
9
What is the units digit of 27884?
4
What is the ten thousands digit of 13003?
1
What is the tens digit of 67475?
7
What is the hundreds digit of 105543?
5
What is the hundreds digit of 17613?
6
What is the tens digit of 1702?
0
What is the tens digit of 3932?
3
What is the tens digit of 122638?
3
What is the hundreds digit of 309?
3
What is the tens digit of 1710?
1
What is the hundreds digit of 28162?
1
What is the hundreds digit of 2219?
2
What is the thousands digit of 75827?
5
What is the tens digit of 16875?
7
What is the thousands digit of 7253?
7
What is the tens digit of 28031?
3
What is the thousands digit of 1947?
1
What is the units digit of 3128?
8
What is the thousands digit of 21716?
1
What is the thousands digit of 1452?
1
What is the units digit of 12462?
2
What is the units digit of 886?
6
What is the tens digit of 7407?
0
What is the thousands digit of 9316?
9
What is the units digit of 811?
1
What is the hundreds digit of 5184?
1
What is the hundreds digit of 4195?
1
What is the hundreds digit of 20430?
4
What is the tens digit of 2276?
7
What is the thousands digit of 1928?
1
What is the thousands digit of 1013?
1
What is the tens digit of 52082?
8
What is the tens digit of 980?
8
What is the tens digit of 6710?
1
What is the hundreds digit of 51389?
3
What is the tens digit of 959?
5
What is the tens digit of 831?
3
What is the units digit of 1712?
2
What is the tens digit of 845?
4
What is the tens digit of 35396?
9
What is the thousands digit of 4952?
4
What is the hundreds digit of 2922?
9
What is the thousands digit of 15584?
5
What is the tens digit of 4988?
8
What is the thousands digit of 41254?
1
What is the thousands digit of 1296?
1
What is the hundreds digit of 32452?
4
What is the units digit of 60275?
5
What is the hundreds digit of 5758?
7
What is the ten thousands digit of 11325?
1
What is the units digit of 45027?
7
What is the tens digit of 9438?
3
What is the units digit of 26650?
0
What is the tens digit of 5012?
1
What is the hundreds digit of 7451?
4
What is the hundreds digit of 34903?
9
What is the units digit of 3724?
4
What is the ten thousands digit of 21388?
2
What is the tens digit of 1047?
4
What is the units digit of 32?
2
What is the units digit of 4995?
5
What is the thousands digit of 3249?
3
What is the thousands digit of 8383?
8
What is the units digit of 1052?
2
What is the tens digit of 946?
4
What is the tens digit of 31966?
6
What is the hundreds digit of 4007?
0
What is the units digit of 2563?
3
What is the tens digit of 16957?
5
What is the ten thousands digit of 117481?
1
What is the tens digit of 5636?
3
What is the thousands digit of 1017?
1
What is the hundreds digit of 892?
8
What is the hundreds digit of 3315?
3
What is the tens digit of 9891?
9
What is the units digit of 1060?
0
What is the ten thousands digit of 15019?
1
What is the tens digit of 6765?
6
What is the hundreds digit of 23655?
6
What is the tens digit of 924?
2
What is the tens digit of 10072?
7
What is the hundreds digit of 2572?
5
What is the ten thousands digit of 19966?
1
What is the units digit of 486?
6
What is the hundreds digit of 406?
4
What is the ten thousands digit of 33891?
3
What is the thousands digit of 39006?
9
What is the tens digit of 2151?
5
What is the units digit of 13256?
6
What is the thousands digit of 1957?
1
What is the thousands digit of 5267?
5
What is the tens digit of 2278?
7
What is the tens digit of 15154?
5
What is the tens digit of 215?
1
What is the thousands digit of 8307?
8
What is the tens digit of 19679?
7
What is the tens digit of 17478?
7
What is the tens digit of 2824?
2
What is the hundreds digit of 3880?
8
What is the hundreds digit of 33643?
6
What is the hundreds digit of 25072?
0
What is the units digit of 6524?
4
What is the tens digit of 56522?
2
What is the units digit of 860?
0
What is the units digit of 1698?
8
What is the ten thousands digit of 32153?
3
What is the hundreds digit of 16327?
3
What is the hundreds digit of 18424?
4
What is the units digit of 994?
4
What is the units digit of 53202?
2
What is the thousands digit of 16158?
6
What is the units digit of 14057?
7
What is the hundreds digit of 13019?
0
What is the thousands digit of 1032?
1
What is the units digit of 33229?
9
What is the units digit of 95?
5
What is the tens digit of 1027?
2
What is the hundreds digit of 30585?
5
What is the hundreds digit of 9969?
9
What is the hundreds digit of 2536?
5
What is the hundreds digit of 41589?
5
What is the hundreds digit of 21377?
3
What is the units digit of 4184?
4
What is the hundreds digit of 827?
8
What is the tens digit of 1151?
5
What is the hundreds digit of 3053?
0
What is the tens digit of 3482?
8
What is the hundreds digit of 2601?
6
What is the ten thousands digit of 18546?
1
What is the ten thousands digit of 17926?
1
What is the hundreds digit of 1987?
9
What is the hundreds digit of 2808?
8
What is the tens digit of 1003?
0
What is the tens digit of 3146?
4
What is the hundreds digit of 34024?
0
What is the hundreds digit of 21883?
8
What is the units digit of 6278?
8
What is the tens digit of 3968?
6
What is the tens digit of 13792?
9
What is the tens digit of 4283?
8
What is the ten thousands digit of 37016?
3
What is the hundreds digit of 34970?
9
What is the hundred thousands digit of 129377?
1
What is the thousands digit of 13767?
3
What is the hundreds digit of 7949?
9
What is the hundreds digit of 126400?
4
What is the tens digit of 4061?
6
What is the hundreds digit of 54